factor of 24315680?
True
Is 693853476 a multiple of 582?
False
Is 941 a factor of 11575241?
True
Is 67 a factor of 586475321?
True
Is 200043731 a multiple of 158?
False
Does 19 divide 716727401?
False
Is 15171702 a multiple of 546?
True
Is 316 a factor of 63248056?
False
Is 4294353 a multiple of 23?
True
Is 1715566610 a multiple of 865?
True
Is 2361719712 a multiple of 176?
True
Is 2093 a factor of 46659665?
False
Is 31 a factor of 35939013?
True
Is 150711400 a multiple of 166?
True
Does 3806 divide 76489182?
True
Does 5 divide 46578106?
False
Does 4 divide 33659407?
False
Is 371206801 a multiple of 2997?
False
Is 37 a factor of 224403188?
False
Is 275994666 a multiple of 3?
True
Does 3 divide 83510014?
False
Does 1751 divide 1306960408?
True
Is 1298 a factor of 1604929339?
False
Is 32836605 a multiple of 5185?
True
Is 30951445 a multiple of 2?
False
Is 189143552 a multiple of 2896?
True
Is 434646624 a multiple of 2676?
True
Does 248 divide 25032286?
False
Does 22 divide 9647902?
True
Is 37861447 a multiple of 225?
False
Is 1626 a factor of 34286502?
False
Does 153 divide 8218089?
True
Does 1353 divide 206180964?
True
Is 366 a factor of 7133706?
True
Does 830 divide 26140510?
False
Is 64 a factor of 194007608?
False
Does 4658 divide 1344089190?
True
Is 2428547472 a multiple of 72?
True
Is 1290812148 a multiple of 36?
True
Is 77092943 a multiple of 2136?
False
Is 29532057 a multiple of 5?
False
Is 45 a factor of 4402329?
False
Is 3950 a factor of 109442650?
True
Is 822450811 a multiple of 449?
True
Is 4076 a factor of 434348657?
False
Is 11416 a factor of 4603960566?
False
Is 109 a factor of 942365812?
False
Does 84 divide 19848276?
True
Does 2080 divide 110670769?
False
Is 13 a factor of 89404822?
True
Is 496579466 a multiple of 3038?
False
Is 6120 a factor of 591143040?
True
Is 534717450 a multiple of 54?
True
Is 239 a factor of 457472529?
True
Does 1358 divide 80280886?
True
Does 83 divide 29946815?
True
Does 2157 divide 719580708?
False
Does 15 divide 252236073?
False
Is 156 a factor of 6125805?
False
Is 20 a factor of 2474060?
True
Is 19238135 a multiple of 119?
True
Does 800 divide 775424315?
False
Does 3081 divide 2240654729?
False
Is 3694 a factor of 82014188?
True
Does 804 divide 1331265?
False
Does 531 divide 62267715?
True
Is 50 a factor of 553619679?
False
Is 59 a factor of 1794294017?
True
Does 497 divide 4106177877?
False
Is 353 a factor of 3567484?
False
Is 64794044 a multiple of 11?
False
Is 37 a factor of 367447252?
False
Does 18 divide 10402067?
False
Is 140 a factor of 1732087700?
True
Does 1113 divide 14332279?
False
Does 2830 divide 128657460?
True
Is 1272088 a multiple of 38?
True
Does 2050 divide 37031200?
True
Is 250 a factor of 11211360?
False
Is 133 a factor of 2804517674?
False
Is 1216 a factor of 140637936?
False
Does 112 divide 563743488?
True
Is 348627240 a multiple of 2136?
True
Is 2071584500 a multiple of 61?
False
Does 35 divide 117718055?
True
Is 3839336 a multiple of 376?
True
Does 6 divide 65296008?
True
Is 106 a factor of 155167755?
False
Is 6416 a factor of 3215955840?
True
Is 46 a factor of 64724944?
True
Does 9 divide 77567168?
False
Does 254 divide 762767329?
False
Is 10 a factor of 1406378177?
False
Is 232 a factor of 710086576?
True
Is 15036460 a multiple of 137?
False
Is 183 a factor of 572767857?
True
Does 46 divide 99536318?
True
Is 318 a factor of 32742492?
False
Is 449129433 a multiple of 1598?
False
Is 3148342046 a multiple of 857?
True
Is 149 a factor of 81320177?
True
Is 3 a factor of 407914777?
False
Does 968 divide 112869768?
True
Does 11 divide 11069409?
False
Is 20 a factor of 15296157?
False
Is 21 a factor of 569081?
False
Is 92452862 a multiple of 203?
False
Does 159 divide 2362197?
False
Does 5709 divide 644831953?
False
Does 16 divide 170758192?
True
Does 16 divide 61571968?
True
Does 672 divide 97237728?
True
Is 68889100 a multiple of 1190?
True
Does 457 divide 4084410682?
False
Is 123 a factor of 2495494?
False
Is 4805 a factor of 6234814240?
True
Does 234 divide 576390460?
False
Is 927 a factor of 155850948?
True
Is 1120 a factor of 93694720?
True
Is 31 a factor of 232720782?
True
Is 15 a factor of 8087175?
True
Is 60252926 a multiple of 302?
True
Does 22 divide 29413362?
True
Is 82 a factor of 1809235498?
False
Does 251 divide 756168875?
True
Does 78 divide 16842821?
False
Does 2 divide 27085082?
True
Is 1474145231 a multiple of 13?
True
Is 1793809 a multiple of 91?
False
Is 217023394 a multiple of 34?
True
Is 147628605 a multiple of 15?
True
Is 8 a factor of 1927234920?
True
Is 85 a factor of 419567905?
True
Is 167 a factor of 9305908?
True
Is 1140684480 a multiple of 4160?
True
Does 8 divide 41632384?
True
Is 158436223 a multiple of 5805?
False
Is 27 a factor of 11749779?
True
Does 5 divide 76540971?
False
Is 115491085 a multiple of 113?
True
Is 4 a factor of 1168121412?
True
Is 1168 a factor of 194384400?
True
Is 567 a factor of 15383179?
False
Does 48 divide 234627264?
True
Does 11 divide 2085749?
False
Does 15 divide 3274941519?
False
Is 23702887 a multiple of 12?
False
Is 637 a factor of 203174335?
True
Does 2633 divide 3140584051?
False
Is 268 a factor of 5260840?
True
Is 254 a factor of 2079719996?
True
Does 10 divide 409427765?
False
Is 330 a factor of 30603540?
True
Does 64 divide 524285820?
False
Does 19 divide 6040773?
False
Is 2169887100 a multiple of 60?
True
Is 35116674 a multiple of 313?
False
Does 12 divide 5416321?
False
Is 804904472 a multiple of 231?
False
Is 21784491 even?
False
Is 13 a factor of 7449364?
True
Is 3872040 a multiple of 597?
False
Does 28 divide 17407470?
False
Is 25176040 a multiple of 40?
True
Is 96 a factor of 1659251097?
False
Is 707087 a multiple of 541?
True
Is 1363683776 a multiple of 112?
True
Does 930 divide 16261980?
True
Is 1478519554 a multiple of 140?
False
Is 50 a factor of 677325967?
False
Is 63 a factor of 3157678266?
False
Is 272 a factor of 86067830?
False
Is 60 a factor of 788785830?
False
Is 657 a factor of 1412430426?
True
Does 164 divide 755807871?
False
Does 19 divide 349915620?
False
Is 2141 a factor of 54983021?
True
Does 6048 divide 2671698720?
False
Is 41993736 a multiple of 7?
False
Is 705 a factor of 23623501?
False
Does 29 divide 47213232?
False
Does 5 divide 9146849?
False
Is 3 a factor of 85426818?
True
Is 146 a factor of 2189671062?
True
Does 13 divide 775659663?
False
Is 76288000 a multiple of 25?
True
Is 160 a factor of 31062400?
True
Does 29 divide 956473621?
True
Does 8027 divide 270655697?
False
Is 2574196 a multiple of 813?
False
Does 3869 divide 293528709?
False
Is 200 a factor of 1346757066?
False
Is 32 a factor of 4717796383?
False
Is 856310424 a multiple of 2033?
False
Is 1979945666 a multiple of 10867?
True
Is 241 a factor of 10221883?
False
Does 21 divide 104133372?
True
Is 625111258 a multiple of 5?
False
Is 22 a factor of 1792519850?
True
Is 1021228748 a multiple of 16?
False
Is 19 a factor of 15211027?
False
Is 116892646 a multiple of 29?
False
Is 6216375 a multiple of 15?
True
Is 311304021 a multiple of 861?
True
Is 28 a factor of 4273329704?
True
Does 9 divide 30384180?
True
Is 2965815319 a multiple of 619?
True
Is 3762816 a multiple of 8?
True
Is 521356981 a multiple of 1689?
False
Does 10 divide 37123880?
True
Does 47 divide 898481538?
False
Does 20 divide 5756800?
True
Is 84713586 a multiple of 1590?
False
Is 4689250360 a multiple of 8?
True
Is 425344 a multiple of 55?
False
Does 21 divide 348172566?
True
Does 394 divide 9131346?
False
Is 6 a factor of 456619753?
False
Is 5 a factor of 32832144?
False
Is 506 a factor of 20810768?
True
Is 1008089040 a multiple of 1680?
True
Is 45 a factor of 23947560?
True
Is 12531902 a multiple of 440?
False
Is 20 a factor of 54006680?
True
Is 3 a factor of 44239962?
True
Is 246 a factor of 13404540?
True
Is 1993 a factor of 10424352?
False
Is 284 a factor of 78087220?
True
Does 18 divide 16520438?
False
Does 33 divide 8550135?
True
Is 2971 a factor of 121811?
True
Is 59 a factor of 66232279?
True
Does 102 divide 29078294?
False
Is 1606 a factor of 1344361016?
False
Does 16 divide 42092976?
True
Is 545197205 a multiple of 1585?
True
Is 64391260 a multiple of 460?
True
Does 24 divide 27699930?
False
Is 2186 a factor of 165779682?
True
Is 9881313 a multiple o